)/(30/6))?
6
Suppose 5*m = 5, -2*n + 3*m + 10 = 3. Let d(h) = h**3 + 32*h**2 + 29*h**2 + 3*h - 3 + 24*h**2 - 90*h**2. What is the tens digit of d(n)?
1
Suppose -25*q + 16*q = -2304. What is the tens digit of q?
5
Suppose 0 = 4*b + w - 4657, 3*b = b - 4*w + 2318. What is the units digit of b?
5
Let k = -3 - 42. Let t = -43 - k. What is the units digit of t?
2
Let a be (100/(-16))/1*16. What is the units digit of a/15*252/(-15)?
2
Suppose 342 = -d - 2*d. Let f = 3 - d. What is the hundreds digit of f?
1
Let l = -186 + 266. Suppose 5*q + 4*p - 116 = 0, q + 2*q + 5*p - l = 0. Suppose 2*x - 6 - q = 0. What is the tens digit of x?
1
Suppose -9150 = -8*w + 442. What is the tens digit of w?
9
Suppose 4*v - 34 = -3*x, 4*v = 18 - 2. Let k be (-26)/(-8) + 2/(-8). Suppose 3*m + 6 = k*w, x*w + 5*m + 1 = 2*w. What is the units digit of w?
1
Let p(g) = -4*g**3 - 5*g**2 - 19. Let w be p(8). What is the units digit of 1/(-2) + w/(-22)?
8
Let z be (4/12)/(2/(-6)). Let l be 3*z + (-6)/(-1). What is the units digit of (-147)/(-7) + l/1?
4
Let z = 7026 - 4616. What is the hundreds digit of z?
4
Suppose 0 = -17*g + 255 + 1173. What is the tens digit of g?
8
Let u(x) = x**2 + 4*x + 3. Let j be u(-3). Let f(t) = -t + 4. Let m be f(j). Suppose m*r = 8*r - 12. What is the units digit of r?
3
Suppose -387 = 3*s - 6921. Let l be 2/(-8) + s/72. What is the units digit of ((-18)/4)/((-5)/l)?
7
Suppose -24*n + 10213 = -9539. What is the units digit of n?
3
Let z(l) = -5*l**3 + 2*l**2 - l + 22. What is the tens digit of z(-4)?
7
Let d(t) = -17*t + 52. What is the tens digit of d(-18)?
5
Let f(g) = 6*g**2 - 33. What is the units digit of f(-9)?
3
Let w(y) = -8*y**2 - 9*y + 9. Let s(i) = i**2 + i - 1. Let a(h) = 5*s(h) + w(h). Let q be a(-7). What is the units digit of -3*1 + q/(-5)?
0
Suppose g = -8*g + 1674. Suppose g + 132 = 3*w. What is the hundreds digit of w?
1
Let c(n) = n**3 - 27*n**2 + 26*n. Let o be c(26). Suppose o = 2*l - 5*r - 387, 3*l = -3*r + 369 + 222. What is the hundreds digit of l?
1
Suppose -32 = 7*t - 151. What is the units digit of 33*2 - (-51)/t?
9
Let r be 5/4*(-64)/(-4). Suppose -5*g = a + r + 166, 0 = -2*g - 3*a - 77. Let t = g + 89. What is the tens digit of t?
5
Let b = 3 + -7. Let o(t) = t**3 + 4*t**2 + 3*t - 2. Let u be o(b). Let a = -12 - u. What is the units digit of a?
2
Suppose 5*m - 188 = -3*d - 57, 5*m = 2*d + 146. Let p = -7 - -16. Let r = m + p. What is the units digit of r?
7
Let a(q) = -14*q + 372. What is the tens digit of a(-41)?
4
Suppose -1366 = -2*x + l, -2*x + 3*l + 1910 - 544 = 0. What is the units digit of x?
3
Suppose 116*w - 122*w - 234 = 0. Let f = w + 293. What is the units digit of f?
4
Suppose -3*w = 3*w - 5*w. Suppose 2*c - 289 = 3*u, w = 3*c + 2*u - 395 - 19. What is the hundreds digit of c?
1
Let a(l) = -111*l + 2. What is the units digit of a(-5)?
7
Let p = 42 - 47. Let y(f) = 2*f**2 - 7*f - 3. What is the tens digit of y(p)?
8
Let d = 129 - 130. What is the units digit of (d*(2 - 3))/(3/3)?
1
Let m = 19 - 11. Let w be (m/(-6))/((-7)/(-21)). What is the tens digit of w*(-1 - (-36)/(-8))?
2
Suppose -2*d = -5*f - 74, 13*d = 18*d + 5*f - 220. What is the tens digit of d?
4
Let o = -120 + 206. Let q = o + -33. What is the units digit of q?
3
Let k be (-5)/20 + (-50)/(-8). Suppose 0 = -12*j + 9*j + k. Suppose -j*i + 4 + 69 = 3*d, 0 = i - d - 24. What is the units digit of i?
9
Suppose c - 4*t = 31, -c - c + 5*t = -47. Let f(b) = 38*b + 3. Let h be f(c). Suppose 137 = 9*p - h. What is the tens digit of p?
6
Let r(v) = 4*v**2 - 7*v + 3. Let j be r(2). Suppose 0 = 4*d + 4*m - 2*m - 114, -j*d + 159 = -3*m. What is the units digit of d?
0
Let l(c) = 53*c**2 - 7*c + 114. What is the tens digit of l(-10)?
8
What is the units digit of -7 + 7 + 84 + 1?
5
Let h(v) = -1. Let x(f) = f**2 - 3*f + 6. Let k(n) = 18*h(n) + 2*x(n). Suppose -27*u + 29*u = -6. What is the units digit of k(u)?
0
Let u = -19 - -7. What is the tens digit of (-3)/(-4) - (-1 - (-1059)/u)?
9
Suppose -389*s = -409*s + 105300. What is the hundreds digit of s?
2
Let s(o) = -427*o + 86. What is the units digit of s(-3)?
7
Suppose 15*v - 14742 = -12*v. What is the units digit of v?
6
Let a = 118 + -24. Suppose v - a - 20 = 5*f, 0 = -2*v + 5*f + 253. What is the tens digit of v?
3
Let t = 3493 - 1737. Suppose 6*w - t + 148 = 0. Suppose -w = -4*k - 4. What is the tens digit of k?
6
Suppose -13 + 19 = -2*c. What is the units digit of -1*(-1)/(-3)*c?
1
Let s be 5*(48/20)/4. Suppose -2*v + 5 = s*v. What is the units digit of 55/10 + v/2?
6
Suppose -11*f = -7*f - 356. Let t = 161 - f. What is the units digit of t?
2
Suppose 13*n + 7546 = 36809. What is the tens digit of n?
5
Let j(v) = -7*v**3 + 4*v**2 - v - 4. Let w(p) = 6*p**3 - 4*p**2 + 5. Let b(z) = -3*j(z) - 2*w(z). What is the units digit of b(2)?
4
Let t = -505 - -798. What is the hundreds digit of t?
2
Let a = -41 + 15. Suppose -3*p = -183 + 30. Let b = a + p. What is the tens digit of b?
2
Let p be -1 + 0 - (6 + -3). Let x(o) = o**3 + 8*o**2 + 3*o - 4. What is the units digit of x(p)?
8
Let a(o) = 24*o**2 - 10*o - 15. What is the tens digit of a(-3)?
3
Let j = 16 - 15. Let c be (-3 - j)/(-3 - -1). What is the tens digit of c/(-12) - (-122)/12?
1
Let f(h) = 16*h**2 + 10*h + 10. Let o(u) = -5*u**2 - 3*u - 3. Let v(i) = -3*f(i) - 10*o(i). Let g be 0 + 4/1 + -2. What is the units digit of v(g)?
8
Suppose x + 13 = f, 9*x = 2*f + 4*x - 41. What is the tens digit of (-9 + f)/((-2)/134)?
6
Let p(s) = 57*s + 134. What is the hundreds digit of p(8)?
5
Let w be (-51)/(-1) + 1/1. Suppose 5*k = 5*n + 190, 0 = -5*n + 3*k - 132 - 50. Let a = n + w. What is the tens digit of a?
1
Let w = -454 - -134. Let t = w + 472. What is the units digit of t?
2
Suppose 0 = 21*u - 0*u - 26103. What is the thousands digit of u?
1
Let i(l) = -l**3 - 13*l**2 + 13*l + 8. Let o be i(-14). What is the units digit of (-2)/11 + 1258/o?
7
Let t(v) = -142 + 0*v - v + 149. What is the units digit of t(4)?
3
Let x(k) = 5*k**2 - 75*k - 94. What is the hundreds digit of x(-21)?
6
Suppose -7 - 21 = 2*a. Suppose 0 = 4*f + w + w + 14, -5*w = f - 19. Let c = f - a. What is the units digit of c?
8
Let t(f) = 6*f + 13. Let k(v) = -v**2 - 8*v - 7. Let n be k(-5). What is the units digit of t(n)?
1
Let n = 141 + -99. Suppose 0 = s + 4*w + 13, 3*s + 6*w + 66 = 3*w. Let g = s + n. What is the units digit of g?
7
Suppose l = -3*h, 3*l + 2*h - 1 = -15. Let x(f) = -11*f + 16. What is the units digit of x(l)?
2
What is the tens digit of (((-2013)/44)/(-1))/((-1)/(-16))?
3
Let h(j) = j**3 - 14*j**2 + 12*j - 193. What is the tens digit of h(19)?
4
Let l(t) = -t**3 + 19*t**2 - 22*t - 23. Let s be l(16). Suppose h + 4*w - s = -2*h, -136 = -h - 3*w. What is the tens digit of h?
2
Let c = 245 - 465. Let o be c*((-13)/(-5) + -3). Suppose -2*r + 0*z + o = z, -4*r - 3*z = -180. What is the tens digit of r?
4
Suppose 0 = 11*o - 40398 - 764. What is the hundreds digit of o?
7
Suppose 2*w = -y - 146, 3*y = -y - w - 591. Let z = 302 + y. What is the tens digit of z?
5
Let i = 42 - 179. Let r = 197 + i. What is the tens digit of r?
6
Let a(c) = 2*c. Let p be a(7). Suppose x + q - 4 = 0, 5*q = -x + 2*q + 8. Suppose 5*o = -5*l + p + 46, 5*l - x*o = 39. What is the units digit of l?
9
Let t be ((-12)/15)/((-20)/3550). Suppose 0 = -7*r + 5*r, 5*r = m - t. What is the units digit of m?
2
Let s(n) = 82*n - 1. Let a be (-4)/(-14) - (54/(-7) + 6). What is the units digit of s(a)?
3
Let v(g) = g - 6. Let t be v(9). Suppose 4*l - 4*u = 244, 9*u - 151 = -t*l + 4*u. What is the units digit of l?
7
Suppose l + 3*h + 381 = 6*l, -4*l + h + 302 = 0. Suppose 4*z = -z + l. What is the tens digit of z?
1
Let s(q) = 201*q**2 - 1. Let i be s(1). Suppose b - 25 = 2*l, -5*b - 4*l = l - i. Suppose 5*n - 150 = -5*w + b, -91 = -3*w + 2*n. What is the tens digit of w?
3
Suppose -2*u - 4*v = -664, 2*u - 525 = -v + 127. Suppose 6*q = u + 54. What is the tens digit of q?
6
Let t(w) = 3*w**3 + 2*w**2 - 7*w**3 - 6*w - 2 + 2*w**3 - 2. Let h be t(-4). Suppose 9*r = 14*r - h. What is the units digit of r?
6
Suppose 2 = -14*j + 16*j. What is the units digit of (78 - j) + 6/2?
0
Suppose -4*j + 8 = -2*j. Suppose j*z = 164 + 204. What is the units digit of z?
2
Suppose -x + 38 = 12. Let y(a) = x - 4*a - 5*a + 10*a. What i